ose -o*d = 3*d - 2*d. Suppose -j + 5*i + 476 = d, -1005 = -5*j - i + 1453. Is j prime?
True
Suppose 0 = 3*t + 2318 - 2462. Suppose -23*f = -t*f + 100925. Is f a composite number?
True
Let a be ((1 - 2) + -2)/(18/(-24)). Suppose -a*h + 2502 = -6502. Is h prime?
True
Let t = -142924 + 381341. Is t a composite number?
False
Let f = 223 + -207. Suppose -24*d + f*d + 32392 = 0. Is d composite?
False
Let w(d) = 57155*d + 1125. Is w(8) a prime number?
False
Suppose -3*k - 6 = 0, -926*r + 924*r + 90268 = -3*k. Is r prime?
True
Let l be (-35328)/8 + 7/1. Is (-4)/8*-16 - l composite?
True
Suppose 16*c - 5*c = 0. Is (-2 + c)/((-26)/44317) a prime number?
False
Suppose -14*f - 25 = -9*f. Let n be (-4)/20 + (-16)/f. Suppose -n*x - 1094 = -2*i, -4*x = 2*i + 2*i - 2228. Is i composite?
True
Let k = 8 - 5. Suppose 2*q + l = k - 8, 3*q = -5*l + 10. Is q/(10/(-376)) + (-5 - -8) prime?
True
Let l(x) be the third derivative of -x**8/20160 + x**7/168 - 11*x**6/240 + x**5/15 + 31*x**2. Let s(z) be the third derivative of l(z). Is s(14) a prime number?
True
Let g(d) = -7*d**3 + 24*d**2 - 3*d + 35. Let p(t) = -6*t**3 + 24*t**2 - 5*t + 36. Let o(i) = -5*g(i) + 6*p(i). Is o(22) a prime number?
False
Let l be (-6 + 5)/(((-1)/3)/1). Let j = 3 - l. Is (j/8)/(1 - 3) - -797 a prime number?
True
Suppose -1668*r + 1656*r = -71076. Is r prime?
True
Let y(m) = 43*m**3 - 4*m**2 + 8*m - 20. Let h be y(5). Suppose 15*d - h = 51600. Is d a composite number?
False
Let p(u) = 6410*u - 15301. Is p(15) a composite number?
False
Suppose -b = -4*b + 102. Let t = b - 39. Is 8222/4*2 + 5 + t prime?
True
Let v(x) = x**2 - 18*x + 58. Let k = 21 - 52. Is v(k) prime?
False
Suppose 5*r = -32*r - 28*r + 395330. Is r a prime number?
False
Suppose 4*y - 100 = -4*c, 27 = y + 4*c - c. Let h be (78/y)/(2 - 9/4). Let j(f) = -f**3 - 12*f**2 + 10. Is j(h) a prime number?
True
Let a(w) = 24*w**2 - 549*w + 19. Is a(-30) a prime number?
False
Let d(q) = -4*q - 122. Let t be d(-33). Suppose -2*h = -v - 53333, -15*h - v + 133350 = -t*h. Is h composite?
False
Let f(i) = -i**3 + 9*i**2 - 10*i + 19. Let l be f(8). Suppose 0 = l*o + 2073 - 27006. Is o a prime number?
True
Let y(x) = x**3 + 36*x**2 + x + 33. Let c be y(-36). Is -393*(13/c)/1 composite?
True
Let i(p) = 55*p**3 - 22*p**2 + 59*p + 3. Let a(d) = 37*d**3 - 15*d**2 + 39*d + 2. Let b(r) = 8*a(r) - 5*i(r). Is b(4) a composite number?
True
Suppose 3 + 7 = 5*v. Suppose -v*t = -7*t + 70. Is (t/18 - (-12)/54) + 408 a composite number?
False
Let p(q) = -391913*q - 1650. Is p(-1) a composite number?
False
Suppose 0 = -6*b - 5*b + 154. Suppose -b*n + 4*n = -23290. Is n a prime number?
False
Suppose -11*c + 6933 = -1493. Let u = c - -3648. Is u prime?
False
Let d = -6489 - -10600. Is d composite?
False
Suppose -18*j + 35*j - 171496 = 0. Let y = j - 6397. Is y a composite number?
False
Is ((264/(-22))/(-12))/(3/(395597*3)) composite?
False
Is (-4 + 60/18)/(-1*(-12)/(-1956726)) a prime number?
True
Let q = 103 + -443. Let d = q - -719. Is d a prime number?
True
Let x(c) be the second derivative of -2057*c**3/3 - 9*c**2/2 + 96*c. Is x(-2) a composite number?
False
Let s(i) be the second derivative of -14*i**6/45 + 3*i**5/40 + 3*i**4/2 + 18*i. Let m(q) be the third derivative of s(q). Is m(-1) prime?
True
Suppose 4*r = -11 - 1. Let k be 2 + 12684/(-9) + (-1)/r. Let v = 984 - k. Is v a composite number?
True
Suppose -2*o = 4*h - 220, 4*o - 28 - 27 = -h. Let w = -40 + h. Let y(g) = 2*g**2 + 3*g + 20. Is y(w) composite?
True
Let r = -1107 - -25240. Is r a composite number?
False
Is 7*(-8 - (-136170)/70) composite?
True
Suppose -15*o + 2 - 137 = 0. Let u be (-1096)/o - (-5)/((-45)/(-2)). Let h = 463 - u. Is h a composite number?
True
Let m(p) be the second derivative of -161*p**3/2 + 41*p**2/2 - 124*p. Is m(-4) a prime number?
True
Let v(n) = -9*n - 64. Let z be v(-9). Let d be ((-6 - -9) + (-5)/1)*-10. Suppose 0 = d*j - z*j - 4443. Is j a prime number?
True
Let j be (-326812)/28 + 2/(-14). Is j/(-16)*(-4)/(-2) a prime number?
True
Let q(a) = -794*a - 163. Let z(m) = -m**2 + 18*m + 54. Let w be z(21). Is q(w) a composite number?
False
Suppose 31*s = 43546 + 105223. Is s a prime number?
True
Suppose s + 11 = -2*f + 2*s, 4*s = 4*f + 32. Let x be (f - -6474) + (4 - 3). Suppose -x = -0*o - 8*o. Is o composite?
False
Suppose 0 = 5*s - 68612 - 220188. Suppose 156614 = 14*y + s. Is y a prime number?
False
Suppose 0 = 29*v - 205433 + 15919 - 227013. Is v a prime number?
False
Let w be 5259 - (-1 - (4 - 0)). Is w - (3 + 18)/7 a composite number?
False
Suppose 20 = -s + 5. Let x = -77 - -79. Is (-22659)/s + x/5 a prime number?
True
Let f = -566 - -559. Is 4 - 5/(-5) - 3044*f a prime number?
True
Suppose -1366994 - 5522119 = -63*b. Is b a prime number?
False
Let b(d) = 2578*d**2 + 82*d - 713. Is b(9) prime?
True
Let t = 87352 - 30131. Is t a prime number?
True
Let z = 9 - 14. Let c(t) = -24*t**3 - 4*t**2 + 14*t + 3. Is c(z) composite?
False
Let l be 2*(-1)/(1/1) - 6. Let k be l/16*22/(-4)*68. Suppose 0 = -4*x - 3*s + 748, 0 = x - 3*s - 0*s - k. Is x prime?
False
Let c = 719952 + -239674. Is c a composite number?
True
Suppose -2*c = 5*y + 85191, -c = c - 5*y + 85141. Let r = c + 24307. Is r/(-28) + 10/35 composite?
False
Let g(b) = 270*b + 7. Let w be g(8). Let p = w - 251. Is 18/(-30) - p/(-10) a prime number?
True
Suppose 618892 = -150*h + 154*h. Is h a composite number?
False
Let d(w) = w**2 + 16*w + 21. Let q be d(-15). Suppose -m + 4 = 3*g, -q + 1 = -3*m - 2*g. Is (-1113)/6*(-2)/m a composite number?
True
Suppose -3*n - n - 4*x + 1144636 = 0, -5*n = 4*x - 1430799. Is n a prime number?
True
Let l = -66 - -86. Is (30/l)/(6/7244) a composite number?
False
Let m be (-72)/3 + (0 - 0 - -4). Is (-2702)/(-5) - 12/m composite?
False
Let q = -19764 - -50735. Is q a composite number?
False
Let c = 33 - 30. Suppose m + 456 = c*m. Let b = m - -29. Is b a composite number?
False
Let x(i) be the first derivative of 8051*i**2 + 49*i - 243. Is x(1) prime?
False
Let s = 11 - 8. Is 9/(27/23514) - s prime?
False
Suppose 0 = 4*d - c + 2*c + 71, -12 = 4*c. Let g be (d/5 + 3)*30. Is 26*(-62)/g - 10/30 a composite number?
True
Suppose -8*v - 10*v - 30860871 = -87*v. Is v prime?
True
Suppose -5*p + 2*k + 150 = 0, 3*p + 60 = 5*p + 3*k. Suppose p*v = 10365 + 1215. Is v a composite number?
True
Let b(j) = j**2 + j - 6*j + 4*j - 2. Let n be b(2). Suppose n = 3*s - 609 - 996. Is s a composite number?
True
Suppose 159183 = 8*m - 15065. Is m a composite number?
True
Let n = 44 + -44. Suppose -5*h + 13473 - 4893 = n. Let f = h + -823. Is f prime?
False
Let o(m) = 11*m - 50. Let d(r) = 6*r - 25. Let z(p) = 5*d(p) - 2*o(p). Let h be z(3). Is (4/4 - -1) + h + 318 prime?
False
Let b be -3 - ((-6)/2)/(2 + -1). Suppose -4*j - a = -3486, -5*j + b*j = 2*a - 4359. Is j a prime number?
False
Let o(d) = 155*d**2 + 22*d**2 + 1599*d - 61 - 1564*d. Is o(9) a prime number?
True
Suppose -11*v + 7044423 = -1743158. Is v a composite number?
False
Let w = 560 + -256. Let i = w - -181. Suppose 2*b = x - 0*b - i, -1449 = -3*x + 3*b. Is x prime?
False
Let f = 2185 + 6958. Is f prime?
False
Suppose -4*x = -u - 2359173, -16*x - 117*u + 9436748 = -113*u. Is x composite?
True
Suppose -16*x - x + 182699 = 0. Is x a prime number?
False
Suppose -m = -2*t + 3*m + 1280, -2*t + 1283 = -5*m. Suppose 3*o = -4*r + 1496, t = 3*r + 3*o - 485. Suppose -r = 3*p - 1136. Is p composite?
True
Let v(g) = -699*g + 94. Let p be v(-3). Let m = 20 + -16. Suppose -p = m*y - 9555. Is y composite?
True
Let p(v) = -20*v - 15. Let o be 3 + -4 - -20*1. Let u be p(o). Let b = 62 - u. Is b composite?
False
Suppose -8*h = 13*h - 3474584 - 1343383. Is h a composite number?
True
Let r(c) = c**3 - 15*c**2 - 21*c + 1. Let h(f) = f**3 - 16*f**2 - 20*f + 2. Let v(o) = 4*h(o) - 5*r(o). Is v(10) composite?
False
Suppose 0 = -0*u + 10*u - 10. Is (u - (9 - 5)) + (493 - -1) a prime number?
True
Suppose 0 = -47*r + 25962842 - 4578265. Is r a composite number?
False
Let p(s) = -3900*s - 5219. Is p(-47) prime?
False
Is 4/(-2) - (237305745/(-1435) - (-6)/7) prime?
True
Suppose a - 325 = 3*w, -12*a + 8*a = 8. Suppose -323 = -5*c + 2887. Let r = c + w. Is r prime?
False
Suppose -14*n + 34 = 6. Suppose 2*w - 5*q - 3894 = -3*q, -3*q - 3898 = -n*w. Is w a prime number?
False
Is 